/4 - 2/8. Suppose c = -z*c + 3. Suppose -c*f - 2*f = -40. What are the prime factors of f?
2
Let j(a) = -7*a - 21. Let s(b) = 2*b + 5. Let p(v) = -2*j(v) - 9*s(v). Let l = -11 - -8. List the prime factors of p(l).
3
Let q be (-1)/(3/3) - -5. Suppose -q*l = 5*o - 2*o - 191, 0 = -3*l - 5*o + 157. Suppose y = 4*b - 44, -4*b = -y + 4*y - l. List the prime factors of b.
11
Let v be ((-15)/2)/(1/2). Let n = 11 - v. What are the prime factors of n?
2, 13
Let k = 43 - 24. List the prime factors of k.
19
Suppose -2*x = -r + 21, 4*r + 0*x + x = 75. List the prime factors of r.
19
Let p = -6 - -10. Suppose -4*d + 70 - 2 = -p*t, 4*t = -4. What are the prime factors of d?
2
Let s = 6 - 13. Let p(v) = v**3 + 8*v**2 + 6*v + 5. What are the prime factors of p(s)?
2, 3
Suppose -3*p = 2*p. Let l be (-2)/(2/3 - p). What are the prime factors of 1*11*l/(-3)?
11
Let a(b) = 2*b**2 - 10. List the prime factors of a(13).
2, 41
What are the prime factors of (-2)/((-2)/(-17))*-4?
2, 17
Let c(j) = -4*j**3 - 3*j**2 - j - 2. Suppose 0 = h + 2 - 0. Let l be c(h). Let k = l - 10. List the prime factors of k.
2, 5
Suppose 0*k - 4*k + 3*s + 92 = 0, -5*k = -2*s - 122. What are the prime factors of k?
2, 13
Suppose 2*d - 20 = 3*d. Let h = d - -31. List the prime factors of h.
11
Suppose 2 = -5*q + 3*q, 3*z + q = 101. Let w = z - 60. List the prime factors of (-1 + 2)/((-2)/w).
13
Suppose 15 + 5 = -5*l, 3*a - 4*l - 28 = 0. Let o(r) = -2*r + 3. Let k be o(-5). Suppose -4*c - 5*v = -k, 0*c + c + a*v - 6 = 0. List the prime factors of c.
2
Let b = 36 + -20. Let g(t) = -9*t - 2. Let m be g(-1). Let j = b - m. What are the prime factors of j?
3
Let y(n) be the third derivative of -n**5/24 - n**4/12 - n**3/6 - 2*n**2. Let p(s) be the first derivative of y(s). List the prime factors of p(-2).
2
Suppose 0 = 4*x + 20, 3*k + 3*x = 2*k + 138. What are the prime factors of k?
3, 17
Suppose 5*h = -5*v + 450, 2*v = 4*h + h - 485. List the prime factors of h.
5, 19
Let y = 2 - 2. Suppose -o + 4 = -y. Suppose o*q - 2*q - 12 = -4*f, -12 = -4*f - 3*q. What are the prime factors of f?
3
Let o = 37 - 1. What are the prime factors of o?
2, 3
What are the prime factors of -34*4/16*-2?
17
List the prime factors of (-2624)/(-10) - (-72)/120.
263
Suppose 0 = 15*v - 13*v - 38. List the prime factors of v.
19
Let h(c) = -c**3 + 7*c**2 + 1. What are the prime factors of h(4)?
7
Suppose 2*l + 2*l - 3*r - 265 = 0, -4*l = -r - 267. List the prime factors of l.
67
Let k = -12 + 15. Suppose -2*r - k*t = -6*r + 218, 2 = -t. What are the prime factors of r?
53
Let c(v) = v + 9. Let q be c(-13). List the prime factors of 2/4*(70 + q).
3, 11
Suppose 9*u - 535 = 482. List the prime factors of u.
113
Let t(k) = -47*k - 2. List the prime factors of t(-1).
3, 5
List the prime factors of (-3)/(((-62)/58 + 1)/2).
3, 29
Let i(p) = -p + 17. Let r(o) = -o + 12. Let a be r(0). What are the prime factors of i(a)?
5
Suppose a - 2 = 3. Suppose -4*w = -61 + a. What are the prime factors of w?
2, 7
Let o(j) = j**3 - 16*j**2 + 16*j - 5. What are the prime factors of o(15)?
2, 5
Let f = 88 - 65. What are the prime factors of f?
23
Let n(l) = 2*l**2 + 5*l - 1. Suppose -2*o - 8 + 0 = 0. List the prime factors of n(o).
11
Suppose -5*w + p = -17, 0 = 2*w - 6*p + 3*p + 1. Let r(d) = d**3 - 5*d**2 + 4. Let b be r(w). List the prime factors of ((-8)/b)/(2/27).
3
Let p = 18 - 13. Suppose 4*h + 20 = y, 19 = -3*y - p*h - 6. Suppose y = i - 0*i - 10. What are the prime factors of i?
2, 5
Suppose -b + v = 5*v - 93, -v = 3*b - 235. List the prime factors of b.
7, 11
Let t = -111 - -175. What are the prime factors of t?
2
Let i = 2 + -2. Let g(j) = -j**2 + 27. What are the prime factors of g(i)?
3
Let y(z) = -z - 9. What are the prime factors of y(-21)?
2, 3
Suppose k + 0*k = 5*l - 1779, 4*k = -5*l + 1784. List the prime factors of l.
2, 89
Let j(k) = -k**2 - 6*k - 6. Let t be j(-4). List the prime factors of -1 + t + 14/2.
2
Suppose 145 = -6*c + 1225. What are the prime factors of c?
2, 3, 5
Let z(h) = -h**3 - 3*h**2 + 4*h + 6. Let x be z(-4). Suppose -2*y - d = -0*d - 10, 2*y + x = 3*d. List the prime factors of -1 - 9/y*-1.
2
Suppose 13 = a + 7. What are the prime factors of a?
2, 3
Let l = -13 + 52. Let w = -24 + l. List the prime factors of w.
3, 5
What are the prime factors of (170/(-15) + 3)/(3/(-45))?
5
Suppose 17 = -5*c - 0*n + 4*n, 0 = -5*c + 2*n - 11. Let a be (15/21 + c)*-7. Suppose 6 = -a*i + 22. What are the prime factors of i?
2
What are the prime factors of (-2)/8 - (-169)/4?
2, 3, 7
Let d be -16*(-1)/2 + -3. Suppose 5*w - d*t = -10, -3*t - t = 4*w. List the prime factors of 1/(2*w/(-28)).
2, 7
Let r(u) = 3*u**2 + 3*u. Let c be r(-3). Let h = -13 + c. List the prime factors of h.
5
Let t = 26 - 11. List the prime factors of t.
3, 5
Let r(n) = n**3 - 3 + 2*n**2 + 17*n + 2 - 18*n**2 - 2. List the prime factors of r(15).
3
Let o be 89/7 + 12/42. Suppose -2*l = 3*l + 3*k - o, 4*l + 5*k = 0. Suppose -12 = -l*r + 28. What are the prime factors of r?
2
Let y(n) = -n**3 - 2*n**2 + 3*n - 4. Let w be y(-3). List the prime factors of 5 - 2*(-6)/w.
2
Suppose -5*y = y - 690. What are the prime factors of y?
5, 23
Let z(x) = -49*x**3 - 2*x**2 + x + 2. What are the prime factors of z(-1)?
2, 3
Suppose h - 3*u - 267 = 0, -10*h = -5*h - 5*u - 1345. List the prime factors of h.
2, 3, 5
Let x(h) = 3*h + 6. Let v be x(8). What are the prime factors of v + (-3 - -6) + -2?
31
Suppose 4*a + 4 = 2*a. Let i(m) = -m**3 + 2*m**2 - 2*m - 3. What are the prime factors of i(a)?
17
Suppose 0 = 7*o - o - 36. Suppose 1 = 5*t + o, 4*t = s - 41. List the prime factors of s.
37
Let v(c) = c**2 - 2*c - 1. Suppose 2 = -4*x - 2. What are the prime factors of v(x)?
2
Suppose 25 = 5*w, 2*p + w + 2*w - 23 = 0. List the prime factors of p.
2
Let v(s) = -2*s + 2*s**2 - s + 4*s - 21*s**3. What are the prime factors of v(-1)?
2, 11
Let z(p) = -104*p + 22. What are the prime factors of z(-3)?
2, 167
Suppose -10 + 50 = -4*j. Let l = j + 17. What are the prime factors of l?
7
Let x(y) = y**3 - y**2 + 4*y. Let u be x(3). Suppose -2*s + l = 0, 4*s = -0*l + l. What are the prime factors of u/3 - s - 1?
3
Suppose -2*x - 2*u + u + 42 = 0, 2*x = 4*u + 32. What are the prime factors of x?
2, 5
Let f(d) = 0*d - 6 + 3 + d. Let s be f(6). Suppose 3*j = -o - 2, o - 6*o = -s*j - 26. What are the prime factors of o?
2
Let j = -4 - -5. Suppose j = 2*n - 9. List the prime factors of n.
5
Suppose -x + 86 = 3*k, 0 = -5*k - x - 2*x + 142. List the prime factors of k.
29
Suppose -108 - 137 = -5*y. What are the prime factors of y?
7
Let v(i) = i**3 + 6*i**2 - 9*i - 13. What are the prime factors of v(-6)?
41
Let k(g) = -g**3 - 18*g**2 + 18*g - 2. Let p = -10 - 9. List the prime factors of k(p).
17
Let h = 6 - -12. List the prime factors of h.
2, 3
Let m be (-2)/4 - (-85)/10. Suppose -3*a + d + 2*d + 15 = 0, -m = 4*d. What are the prime factors of a?
3
Suppose -y - 9 = 5*u - 0, 2*y - 5*u - 12 = 0. What are the prime factors of 5 - 12/(-4*y)?
2
Let c(m) = m**2 - 5*m + 5. Let h be (-8)/5*(-5)/2. Let s be c(h). Let b = 3 + s. List the prime factors of b.
2
Suppose 5*x + 2*h - 409 = -0*h, 0 = h + 3. What are the prime factors of x?
83
Suppose -5*n + 2*a + 30 = -3*a, 0 = 2*a + 2. What are the prime factors of 15 - (3 + n)/(-4)?
17
Suppose -4*f = 12, 0*f - 28 = 2*g + 4*f. Let z = -8 - g. Suppose z*w - 17 = 4*w + 5*u, 19 = -3*w - 5*u. List the prime factors of w.
2
Let y(w) = 19*w**2 + w. Let g be y(-1). Suppose i - g = -0*i. List the prime factors of i.
2, 3
Let w be (-6)/(-5)*-1*5. Let s be ((-190)/(-15))/((-4)/w). Let x = s - 10. What are the prime factors of x?
3
Suppose 0*v - 2 = -2*v. List the prime factors of (1 - v - -2) + 0.
2
Suppose x = -x - 6. Let j(b) = -4*b - 2. What are the prime factors of j(x)?
2, 5
Let s be (-9)/12 - 22/(-8). Let u(g) = 4*g - 3. Let y be u(s). Suppose q + l - 13 = -2*q, q + 17 = y*l. What are the prime factors of q?
3
Let t(s) = s**2 - 19*s + 17. List the prime factors of t(20).
37
Let c = -21 + 58. List the prime factors of c.
37
Let q be 4/3*(-6)/4. Let r = 4 + q. List the prime factors of r.
2
Let o(z) be the first derivative of -z**4/4 - z**3 - z**2 - 3*z - 3. Let g be o(-3). Suppose -2*c - 5 = -f - 5*c, -c + g = f. List the prime factors of f.
2
Suppose 2*s + 3